is divided by 12.
1
What is the remainder when 1041 is divided by 245?
61
What is the remainder when 8515 is divided by 947?
939
Calculate the remainder when 8836 is divided by 677.
35
Calculate the remainder when 199631 is divided by 3629.
36
Calculate the remainder when 7194 is divided by 59.
55
What is the remainder when 84722 is divided by 86?
12
What is the remainder when 6227 is divided by 987?
305
What is the remainder when 3429 is divided by 204?
165
Calculate the remainder when 3408 is divided by 144.
96
What is the remainder when 8268 is divided by 433?
41
Calculate the remainder when 103052 is divided by 433.
431
What is the remainder when 139932 is divided by 285?
282
What is the remainder when 8598 is divided by 18?
12
Calculate the remainder when 27 is divided by 17.
10
Calculate the remainder when 105047 is divided by 1297.
1287
What is the remainder when 12326 is divided by 12299?
27
Calculate the remainder when 818749 is divided by 16709.
8
What is the remainder when 11064 is divided by 67?
9
What is the remainder when 34857 is divided by 581?
578
What is the remainder when 3796 is divided by 201?
178
What is the remainder when 41208 is divided by 65?
63
What is the remainder when 6169 is divided by 380?
89
Calculate the remainder when 50714 is divided by 161.
160
Calculate the remainder when 60878 is divided by 2665.
2248
What is the remainder when 3429 is divided by 1068?
225
What is the remainder when 1977 is divided by 1361?
616
Calculate the remainder when 41109 is divided by 6850.
9
What is the remainder when 18463 is divided by 337?
265
Calculate the remainder when 26959 is divided by 305.
119
Calculate the remainder when 23727 is divided by 15.
12
Calculate the remainder when 138956 is divided by 545.
526
What is the remainder when 51807 is divided by 51804?
3
Calculate the remainder when 10413 is divided by 140.
53
What is the remainder when 27652 is divided by 11?
9
Calculate the remainder when 525107 is divided by 131270.
27
Calculate the remainder when 100471 is divided by 172.
23
What is the remainder when 4813 is divided by 2400?
13
What is the remainder when 24512 is divided by 24498?
14
Calculate the remainder when 42155 is divided by 6017.
36
Calculate the remainder when 7688 is divided by 7669.
19
Calculate the remainder when 20642 is divided by 53.
25
What is the remainder when 2476268 is divided by 48?
44
What is the remainder when 18553 is divided by 2061?
4
Calculate the remainder when 49120 is divided by 16123.
751
What is the remainder when 2160 is divided by 508?
128
Calculate the remainder when 21440 is divided by 2366.
146
Calculate the remainder when 14095 is divided by 389.
91
Calculate the remainder when 3019624 is divided by 627.
619
What is the remainder when 8036 is divided by 55?
6
Calculate the remainder when 14145 is divided by 49.
33
What is the remainder when 8007 is divided by 408?
255
What is the remainder when 123509 is divided by 33?
23
What is the remainder when 275475 is divided by 41?
37
What is the remainder when 13492 is divided by 28?
24
Calculate the remainder when 256647 is divided by 33.
6
Calculate the remainder when 34923 is divided by 17359.
205
Calculate the remainder when 4053 is divided by 577.
14
Calculate the remainder when 44977 is divided by 154.
9
Calculate the remainder when 99906 is divided by 17.
14
Calculate the remainder when 14448 is divided by 7102.
244
Calculate the remainder when 2321 is divided by 573.
29
Calculate the remainder when 13964 is divided by 2326.
8
Calculate the remainder when 22362 is divided by 422.
418
What is the remainder when 529309 is divided by 78?
1
What is the remainder when 16344 is divided by 2896?
1864
What is the remainder when 462 is divided by 164?
134
What is the remainder when 748663 is divided by 28?
27
Calculate the remainder when 102099 is divided by 79.
31
Calculate the remainder when 492 is divided by 84.
72
What is the remainder when 3632 is divided by 1062?
446
What is the remainder when 5390 is divided by 47?
32
What is the remainder when 442 is divided by 172?
98
Calculate the remainder when 1430 is divided by 709.
12
What is the remainder when 73676 is divided by 828?
812
What is the remainder when 220768 is divided by 94?
56
Calculate the remainder when 434575 is divided by 93.
79
What is the remainder when 809883 is divided by 1780?
1763
What is the remainder when 323703 is divided by 80922?
15
Calculate the remainder when 5172 is divided by 376.
284
Calculate the remainder when 2894 is divided by 578.
4
Calculate the remainder when 379 is divided by 351.
28
What is the remainder when 1458 is divided by 369?
351
Calculate the remainder when 766699 is divided by 25.
24
What is the remainder when 19819 is divided by 1413?
37
Calculate the remainder when 60232 is divided by 15049.
36
What is the remainder when 13019 is divided by 450?
419
Calculate the remainder when 119614 is divided by 84.
82
Calculate the remainder when 597192 is divided by 12.
0
Calculate the remainder when 211084 is divided by 41.
16
What is the remainder when 10030 is divided by 9987?
43
Calculate the remainder when 36383 is divided by 46.
43
Calculate the remainder when 416 is divided by 24.
8
What is the remainder when 37498 is divided by 938?
916
What is the remainder when 17760 is divided by 8874?
12
Calculate the remainder when 800818 is divided by 27.
25
Calculate the remainder when 1561 is divided by 123.
85
What is the remainder when 159715 is divided by 440?
435
What is the remainder when 182264 is divided by 60754?
2
Calculate the remainder when 10558 is divided by 40.
38
Calculate the remainder when 6220 is divided by 1550.
20
What is the remainder when 3306 is divided by 1050?
156
Calculate the remainder when 14895 is divided by 142.
127
Calculate the remainder when 14888 is divided by 42.
20
What is the remainder when 71816 is divided by 264?
8
What is the remainder when 6012 is divided by 393?
117
What is the remainder when 32978 is divided by 17?
15
What is the remainder when 90559 is divided by 18100?
59
Calculate the remainder when 4026 is divided by 191.
15
What is the remainder when 12779 is divided by 336?
11
What is the remainder when 6911 is divided by 129?
74
What is the remainder when 368277 is divided by 660?
657
Calculate the remainder when 13866 is divided by 9.
6
Calculate the remainder when 1397 is divided by 21.
11
What is the remainder when 37245 is divided by 165?
120
What is the remainder when 21867 is divided by 2186?
7
Calculate the remainder when 650 is divided by 589.
61
What is the remainder when 393773 is divided by 69?
59
What is the remainder when 109225 is divided by 463?
420
What is the remainder when 808 is divided by 134?
4
Calculate the remainder when 49440 is divided by 402.
396
What is the remainder when 24719 is divided by 24?
23
Calculate the remainder when 394979 is divided by 12.
11
Calculate the remainder when 17593 is divided by 23.
21
What is the remainder when 780055 is divided by 21?
10
What is the remainder when 22051 is divided by 124?
103
Calculate the remainder when 11569 is divided by 2265.
244
What is the remainder when 65499 is divided by 31?
27
Calculate the remainder when 1820 is divided by 61.
51
Calculate the remainder when 1730 is divided by 20.
10
Calculate the remainder when 8477 is divided by 229.
4
What is the remainder when 351 is divided by 55?
21
Calculate the remainder when 177586 is divided by 29595.
16
Calculate the remainder when 41588 is divided by 59.
52
What is the remainder when 92075 is divided by 16?
11
What is the remainder when 62856 is divided by 62811?
45
What is the remainder when 684429 is divided by 588?
585
Calculate the remainder when 432741 is divided by 62.
43
Calculate the remainder when 164277 is divided by 60.
57
What is the remainder when 330417 is divided by 174?
165
What is the remainder when 10814 is divided by 342?
212
Calculate the remainder when 79708 is divided by 135.
58
What is the remainder when 491 is divided by 263?
228
Calculate the remainder when 24619 is divided by 13.
10
What is the remainder when 33894 is divided by 214?
82
What is the remainder when 118795 is divided by 21?
19
What is the remainder when 325 is divided by 7